5 + -15. Let d = 13 - u. Suppose -b + n - 51 = -d*b, -3*b - 4*n = -69. What is the tens digit of b?
2
Let a = -20 - -90. Let b = a + 5. What is the tens digit of b?
7
Suppose 0*z = z + 5. What is the units digit of (-114)/(2*(z + 4))?
7
Let r(x) = -38*x + 7. Let n be r(-3). Let g = 185 - n. What is the tens digit of g?
6
Let k = -35 + 27. What is the tens digit of (20 + -3)/((-2)/k)?
6
What is the units digit of ((-58)/3)/((-4)/576)?
4
Let v = 1418 + -943. Suppose p - 140 = 4*a, 3*p - 3*a = v - 91. What is the hundreds digit of p?
1
Let b(x) = 3*x + 2. Let h be 3 - (-3 - -6 - 2). Let u be b(h). Suppose 4*a - u - 44 = 0. What is the tens digit of a?
1
What is the hundreds digit of -3 - (-16)/(-8)*-115?
2
Let u(s) = 3*s + s + 2*s**2 - 2 - 13*s. What is the tens digit of u(7)?
3
What is the hundreds digit of ((-6)/(-4))/(-1) + 2891/2?
4
Let l = 136 + -77. Suppose 61*z - l*z = 618. What is the units digit of z?
9
Let w(o) = -5*o**3 + 13*o**2 - 24*o + 13. Let b(h) = -2*h**3 + 7*h**2 - 13*h + 6. Let m(u) = -7*b(u) + 3*w(u). What is the hundreds digit of m(-13)?
2
Let p be (-18)/4*(2 - 4). Let y be (55/11)/(2 + -1). Let u = p + y. What is the units digit of u?
4
Let m(l) = l**2 + 20*l - 8. Let t(a) = -3*a**2 - 59*a + 24. Let n(x) = -17*m(x) - 6*t(x). Let k be n(-15). Suppose -g + k*g = 96. What is the tens digit of g?
1
Let q(r) = -3*r - 19. Let v be q(-8). Suppose -3*w = v*i - 264, 4*w + 258 = 5*i + 5*w. What is the tens digit of i?
5
Let s(a) = -a**3 + 9*a**2 + 4. Let i be 1/(2 + -1) - -8. Let t be s(i). Suppose -42 = t*p - 6*p. What is the tens digit of p?
2
Let u(q) = 3*q**3 + 52*q - 50*q - 4*q**3 + 7*q**2 - 3. Let w be u(7). Let t = 31 - w. What is the units digit of t?
0
What is the hundreds digit of 14865*(-3)/(-15) + 0/1?
9
Suppose -4*x + 608 = -5*j, -3*x - 6*j = -8*j - 449. What is the tens digit of x?
4
Let c = -115 - -326. What is the units digit of c?
1
Let r(s) = -s**3 + 10*s**2 + s - 4. Let w be 12 + (-1 - (-1)/(-1)). Let v be r(w). Let a = 7 - v. What is the units digit of a?
1
Let m(u) = 2*u + 6. Let o be m(-3). What is the units digit of (o - 1)*(-9 + 6)?
3
Suppose 2 + 0 = 2*y. Let n = -31 - -17. Let q = y - n. What is the tens digit of q?
1
Let b(j) = 4*j**2 + 7*j - 6. Let a be b(1). Suppose -4*q + 4*k = -343 + 103, 5*q - 310 = -a*k. What is the units digit of q?
1
Let m(i) = 110*i**3 + 5*i**2 - 6*i - 6. Let w(z) = 109*z**3 + 6*z**2 - 7*z - 7. Let b(h) = 7*m(h) - 6*w(h). What is the tens digit of b(1)?
1
Suppose -3*v - 4*q + 0 = -7, -5*v - 2*q = -35. Suppose 0 = -v*l + 286 + 767. What is the units digit of l?
7
Suppose 25 = 5*f, -4*f + 0*f = -l - 13. Suppose -2 = 2*m + 4. What is the units digit of m*(-2 + 1)*l?
1
Let q be -2*1*14*(-6)/(-12). What is the units digit of 12*56/(-12)*q/8?
8
Let z = 527 - 347. Suppose -5*v + 165 = 5*p, -3*p - 2*v + z = 2*p. What is the tens digit of p?
3
Suppose 9*v = 4*v + 2575. What is the hundreds digit of v?
5
Suppose 4*d + 4*i - 20 = 0, -5*i + 1 + 24 = 0. Let r(b) = 9*b + 147. What is the units digit of r(d)?
7
Let n = 58 + -39. Let f = -25 + n. What is the units digit of (f - -3)*1 + 14?
1
Let q be 2758/15 - 4/(-30). Suppose 0 = -8*f - 0*f + q. What is the units digit of f?
3
Let v = -278 - -194. Let i = -39 - v. What is the units digit of i?
5
Suppose 3*p - 3*k = 48, p - 3*k + 12 - 36 = 0. Let l be 16/p*6/(-4). What is the units digit of (15 - (l - -3)) + -1?
3
Let t = 19 + -15. Suppose t*y + 168 = 8*y. Suppose 7*v = y + 308. What is the units digit of v?
0
Let g = 1243 + -616. What is the tens digit of g?
2
Let s = 921 + 46. What is the hundreds digit of s?
9
Let g(w) = 10*w. Let d(h) = -19*h + 1. Let t(s) = -6*d(s) - 14*g(s). What is the units digit of t(-3)?
2
Let l(u) = 23*u + 3336. What is the units digit of l(0)?
6
Let w(q) = -18 + q + 9 + 14. What is the units digit of w(18)?
3
Let c(o) = 75*o**2 - 1. Let g be 2*5/20*-2. What is the tens digit of c(g)?
7
What is the hundreds digit of 383 - -1 - (-3 - (-8 + 1))?
3
Suppose -3*r - 3*s + 81 = 0, -2*s - 3*s = r - 43. What is the units digit of r?
3
Let s(j) = 31*j**2. Let h(z) = -4*z - 3. Let i be h(-2). Suppose 3*p = q - 8, 0*q - 10 = i*p - q. What is the units digit of s(p)?
1
Suppose -39*u + 33834 = 2673. What is the hundreds digit of u?
7
Suppose -4*g + 4*w + 56 = -5*g, -325 = 5*g + 5*w. Let i = g - -117. What is the units digit of i?
9
Let y(z) = z**3 - 7*z**2 - 7*z + 1. Let m be y(8). Let k be (15/m)/((-4)/324). What is the units digit of (-4)/6*k/18?
5
Let q be 8/40 + (-278)/(-10). What is the units digit of 234/14 - (-4 - (-104)/q)?
7
Let t(n) be the first derivative of n**4/4 - 10*n**3/3 + 9*n**2/2 + 4*n + 9. What is the units digit of t(9)?
4
What is the units digit of (5 + (-5 - -1))*81*3?
3
Let h(m) = -m**3 - 13*m - 5. What is the tens digit of h(-6)?
8
What is the tens digit of (805/(-35))/(3/(-6))?
4
Suppose -4*r = r - 5*b - 10, -3*r = -5*b - 4. Suppose -r*v = -s - 181, -3*v = s - 6*s - 185. What is the tens digit of v?
6
Let n(y) = -y**2 + 10*y + 14. Let h be n(6). What is the tens digit of (344/6)/(h/57)?
8
Suppose q - 3*c - 1674 = 0, -5*q + 3318 = -3*q + 4*c. What is the tens digit of q?
6
What is the tens digit of (-2 + -7)*1016/(-12)?
6
Suppose -3*q = -3*k - 6, -2*k - 3*k = -q + 18. Let s be (100/(-7))/(k/14). Suppose 0 = 14*c - 9*c - s. What is the units digit of c?
0
Let p(f) = f - 6. Let a be p(3). Let z be (-10)/(-60) - (-55)/(-6). What is the tens digit of (-57)/z*-1*a?
1
Suppose -2*f + 129 = -3*x, -f + 5*x = -5*f + 291. Suppose 8*d - 3*d - 81 = -3*k, 5*d - f = 3*k. What is the tens digit of d?
1
Let i(b) = b**3 - 16*b**2 + 16*b - 4. Let z be i(15). Suppose 0 = -4*o + z*o - 133. What is the units digit of o?
9
Let z be 62 - ((-1)/(-1) - -3). What is the units digit of z - (6/(4/2) - 4)?
9
Let h be 9/(3 + (-3 - -1)). Suppose 4*v + 2 = -5*f, 0 = 2*v - 5*v - h. What is the units digit of -2 - (f - 5) - -3?
4
Suppose -3*v = -3*q, -2*q = 3*v - 3*q - 10. Suppose 5*h - 521 = -2*i, -4*i + 1030 = 3*h - v*h. What is the units digit of i?
8
Suppose 28*x - 26*x - 50 = 0. Suppose -k = 2*k - 51. Let b = x - k. What is the units digit of b?
8
Let f be (-2)/4 - 10/(-4). Let o be (1/f)/((-5)/(-60)). Suppose -o = 2*p - 2*a - 20, 0 = -5*p - 5*a + 75. What is the units digit of p?
1
Suppose -3*j - 6 = -6*j. Suppose -j*g + z + 2*z + 40 = 0, 4*z - 31 = -g. Suppose u - g - 11 = 3*b, -2*u + 28 = 2*b. What is the tens digit of u?
1
Let i(g) = -3 + 2*g**3 - 6*g**2 + 2*g**2 - 4*g + 2*g**2 + g**2. Let q be i(4). Let u = q + -48. What is the tens digit of u?
4
Suppose 0 = 2*b + g - 5*g - 2550, 0 = -3*g. What is the hundreds digit of b?
2
Let v be (6/1)/((-3)/2). Let z be ((-24)/(-30))/(v/(-10)). Suppose 2*b = -z*x - 6 - 2, 0 = -5*b - x. What is the units digit of b?
1
Let m(v) be the first derivative of -12*v**2 - 33*v - 2. What is the hundreds digit of m(-6)?
1
Let g(m) = 5*m**2 - 2*m - 7. Let u be g(3). Let w = u + -20. Suppose -4*j = -2*j - w. What is the units digit of j?
6
Let i be (-6)/18*2*(-1 - 2). Suppose 2*a - i - 30 = 0. What is the units digit of a?
6
Let d(c) = 28*c - 24. Let m be d(3). What is the units digit of (-12)/(1 + m/(-55))?
2
Let w(u) = 39*u. Let z(v) = -v**3 - 9*v**2 + v + 10. Let q be z(-9). What is the units digit of w(q)?
9
Let t(w) = 3*w**2 + 7*w + 7. Let m be t(-2). Let x be (-1)/((-2)/(1 + 11)). Suppose -16 = -x*q + m*q. What is the tens digit of q?
1
Suppose d + 4*q + 207 = 2527, -2305 = -d - q. What is the units digit of d?
0
Let j = -195 + 4. Let o = 343 + j. What is the tens digit of o?
5
Let p(s) = s**3 - 8*s**2 + 3*s - 20. Let b be (-5)/10 + (-76)/(-8). What is the units digit of p(b)?
8
Let o(s) = s**3 + s**2 - s - 1. Let y be o(-1). Let t(v) = -v + 57. What is the units digit of t(y)?
7
Let x(z) = 4*z + 4*z + 9 - 12*z. What is the tens digit of x(-5)?
2
Let w(z) = 2*z - 22 + 2*z + 5*z**2 + 9 - 3*z**2. What is the tens digit of w(6)?
8
Suppose -18*y - 6204 = -23*y + s, 5*y = -2*s + 6192. What is the hundreds digit of y?
2
What is the hundreds digit of (-4 - (-90)/25)/((-2)/1930)?
3
Suppose 2*u + 4*j = 32, -2*u - 17 = -4*u - j. Suppose -7*y + 5*y + 110 = 0. Suppose -v = -u*v + y. What is the units digit of v?
1
Suppose 3*z + 51 = -3*n, -3*z + 121 = -5*n + 12. Let d = n - -22. Suppose -9 = 3*x, -7 = -d*r - x +